 by 59?
58
What is the remainder when 308 is divided by 31?
29
What is the remainder when 128 is divided by 84?
44
Calculate the remainder when 269 is divided by 91.
87
What is the remainder when 99 is divided by 6?
3
Calculate the remainder when 147 is divided by 71.
5
Calculate the remainder when 228 is divided by 161.
67
What is the remainder when 2852 is divided by 28?
24
Calculate the remainder when 304 is divided by 99.
7
What is the remainder when 1720 is divided by 27?
19
Calculate the remainder when 686 is divided by 316.
54
Calculate the remainder when 1707 is divided by 110.
57
What is the remainder when 1710 is divided by 560?
30
What is the remainder when 645 is divided by 218?
209
What is the remainder when 1837 is divided by 23?
20
Calculate the remainder when 956 is divided by 96.
92
What is the remainder when 197 is divided by 6?
5
Calculate the remainder when 125 is divided by 64.
61
What is the remainder when 1243 is divided by 207?
1
Calculate the remainder when 239 is divided by 45.
14
What is the remainder when 154 is divided by 12?
10
Calculate the remainder when 1388 is divided by 286.
244
Calculate the remainder when 181 is divided by 26.
25
What is the remainder when 955 is divided by 137?
133
What is the remainder when 665 is divided by 27?
17
What is the remainder when 42106 is divided by 33?
31
Calculate the remainder when 142 is divided by 72.
70
Calculate the remainder when 99 is divided by 25.
24
What is the remainder when 76 is divided by 2?
0
What is the remainder when 139 is divided by 18?
13
What is the remainder when 853 is divided by 61?
60
What is the remainder when 5950 is divided by 13?
9
Calculate the remainder when 81 is divided by 42.
39
What is the remainder when 345 is divided by 176?
169
Calculate the remainder when 121 is divided by 43.
35
What is the remainder when 10451 is divided by 67?
66
What is the remainder when 38 is divided by 8?
6
Calculate the remainder when 50 is divided by 26.
24
What is the remainder when 7317 is divided by 366?
363
What is the remainder when 18517 is divided by 44?
37
What is the remainder when 239 is divided by 3?
2
What is the remainder when 4407 is divided by 1468?
3
What is the remainder when 7611 is divided by 34?
29
Calculate the remainder when 720 is divided by 33.
27
Calculate the remainder when 102 is divided by 50.
2
What is the remainder when 115 is divided by 50?
15
Calculate the remainder when 439 is divided by 148.
143
Calculate the remainder when 130 is divided by 12.
10
What is the remainder when 40904 is divided by 27?
26
What is the remainder when 12239 is divided by 15?
14
Calculate the remainder when 2215 is divided by 32.
7
What is the remainder when 6102 is divided by 180?
162
Calculate the remainder when 81 is divided by 40.
1
What is the remainder when 1733 is divided by 87?
80
Calculate the remainder when 1084 is divided by 99.
94
What is the remainder when 88 is divided by 46?
42
What is the remainder when 228 is divided by 21?
18
What is the remainder when 309 is divided by 83?
60
What is the remainder when 677 is divided by 57?
50
Calculate the remainder when 108 is divided by 42.
24
Calculate the remainder when 63 is divided by 16.
15
What is the remainder when 937 is divided by 323?
291
Calculate the remainder when 210 is divided by 4.
2
What is the remainder when 934 is divided by 306?
16
Calculate the remainder when 3157 is divided by 9.
7
What is the remainder when 202 is divided by 70?
62
What is the remainder when 509 is divided by 45?
14
What is the remainder when 40 is divided by 40?
0
What is the remainder when 813 is divided by 68?
65
Calculate the remainder when 308 is divided by 3.
2
Calculate the remainder when 6059 is divided by 24.
11
What is the remainder when 113 is divided by 62?
51
Calculate the remainder when 104 is divided by 48.
8
What is the remainder when 99 is divided by 29?
12
What is the remainder when 78 is divided by 3?
0
Calculate the remainder when 75 is divided by 9.
3
Calculate the remainder when 263 is divided by 5.
3
What is the remainder when 56 is divided by 3?
2
Calculate the remainder when 15862 is divided by 24.
22
Calculate the remainder when 189 is divided by 91.
7
What is the remainder when 119 is divided by 59?
1
Calculate the remainder when 491 is divided by 55.
51
What is the remainder when 3518 is divided by 23?
22
Calculate the remainder when 873 is divided by 178.
161
What is the remainder when 37 is divided by 31?
6
What is the remainder when 193 is divided by 20?
13
What is the remainder when 2299 is divided by 50?
49
What is the remainder when 132 is divided by 126?
6
What is the remainder when 1039 is divided by 65?
64
Calculate the remainder when 2035 is divided by 224.
19
Calculate the remainder when 6141 is divided by 64.
61
Calculate the remainder when 1539 is divided by 60.
39
What is the remainder when 431 is divided by 109?
104
What is the remainder when 1469 is divided by 32?
29
Calculate the remainder when 152 is divided by 13.
9
What is the remainder when 1226 is divided by 251?
222
What is the remainder when 1170 is divided by 77?
15
What is the remainder when 7614 is divided by 7611?
3
What is the remainder when 2279 is divided by 7?
4
What is the remainder when 165 is divided by 14?
11
What is the remainder when 394 is divided by 57?
52
What is the remainder when 872 is divided by 23?
21
What is the remainder when 130 is divided by 35?
25
Calculate the remainder when 421 is divided by 57.
22
What is the remainder when 2961 is divided by 370?
1
Calculate the remainder when 10101 is divided by 24.
21
Calculate the remainder when 39 is divided by 7.
4
Calculate the remainder when 351 is divided by 21.
15
Calculate the remainder when 611 is divided by 24.
11
Calculate the remainder when 198 is divided by 20.
18
What is the remainder when 110 is divided by 53?
4
What is the remainder when 459 is divided by 115?
114
What is the remainder when 63 is divided by 14?
7
Calculate the remainder when 736 is divided by 362.
12
Calculate the remainder when 29199 is divided by 471.
468
Calculate the remainder when 1231 is divided by 404.
19
What is the remainder when 33 is divided by 9?
6
Calculate the remainder when 235 is divided by 2.
1
What is the remainder when 4881 is divided by 28?
9
Calculate the remainder when 38343 is divided by 154.
151
What is the remainder when 924 is divided by 456?
12
What is the remainder when 2362 is divided by 393?
4
Calculate the remainder when 1877 is divided by 61.
47
Calculate the remainder when 7931 is divided by 23.
19
Calculate the remainder when 285 is divided by 29.
24
What is the remainder when 76 is divided by 60?
16
Calculate the remainder when 2469 is divided by 821.
6
Calculate the remainder when 164 is divided by 57.
50
Calculate the remainder when 29 is divided by 27.
2
Calculate the remainder when 816 is divided by 41.
37
What is the remainder when 9457 is divided by 1351?
0
What is the remainder when 71 is divided by 14?
1
What is the remainder when 86 is divided by 12?
2
What is the remainder when 29325 is divided by 52?
49
Calculate the remainder when 2397 is divided by 2396.
1
What is the remainder when 82 is divided by 64?
18
Calculate the remainder when 2373 is divided by 72.
69
What is the remainder when 208 is divided by 78?
52
What is the remainder when 497 is divided by 20?
17
Calculate the remainder when 1599 is divided by 202.
185
Calculate the remainder when 278 is divided by 27.
8
Calculate the remainder when 332 is divided by 13.
7
Calculate the remainder when 1773 is divided by 557.
102
What is the remainder when 694 is divided by 53?
5
Calculate the remainder when 7451 is divided by 92.
91
Calculate the remainder when 3816 is divided by 11.
10
Calculate the remainder when 4874 is divided by 106.
104
What is the remainder when 108 is divided by 32?
12
What is the remainder when 162 is divided by 67?
28
Calculate the remainder when 90 is divided by 89.
1
What is the remainder when 293 is divided by 7?
6
Calculate the remainder when 874 is divided by 146.
144
Calculate the remainder when 361 is divided by 5.
1
Calculate the remainder when 1384 is divided by 126.
124
What is the remainder when 79 is divided by 48?
31
W